{"id":799677,"date":"2023-01-13T09:50:55","date_gmt":"2023-01-13T08:50:55","guid":{"rendered":"https:\/\/lauriersroses.jtni.nl\/?page_id=799677"},"modified":"2024-12-08T16:38:39","modified_gmt":"2024-12-08T15:38:39","slug":"conditions-de-location","status":"publish","type":"page","link":"https:\/\/info-lauriersroses.com\/fr\/conditions-de-location\/","title":{"rendered":"Conditions de location"},"content":{"rendered":"<p>[et_pb_section fb_built=\u00a0\u00bb1&Prime; _builder_version=\u00a0\u00bb4.19.0&Prime; width=\u00a0\u00bb1080px\u00a0\u00bb width_tablet=\u00a0\u00bbauto\u00a0\u00bb width_phone=\u00a0\u00bbauto\u00a0\u00bb width_last_edited=\u00a0\u00bbon|phone\u00a0\u00bb module_alignment=\u00a0\u00bbcenter\u00a0\u00bb custom_margin=\u00a0\u00bb|0px||0px|false|false\u00a0\u00bb custom_padding=\u00a0\u00bb|0px||0px|false|false\u00a0\u00bb global_colors_info=\u00a0\u00bb{}\u00a0\u00bb][et_pb_row _builder_version=\u00a0\u00bb4.19.0&Prime; background_size=\u00a0\u00bbinitial\u00a0\u00bb background_position=\u00a0\u00bbtop_left\u00a0\u00bb background_repeat=\u00a0\u00bbrepeat\u00a0\u00bb global_colors_info=\u00a0\u00bb{}\u00a0\u00bb][et_pb_column type=\u00a0\u00bb4_4&Prime; _builder_version=\u00a0\u00bb4.16&Prime; custom_padding=\u00a0\u00bb|||\u00a0\u00bb global_colors_info=\u00a0\u00bb{}\u00a0\u00bb custom_padding__hover=\u00a0\u00bb|||\u00a0\u00bb][et_pb_text _builder_version=\u00a0\u00bb4.27.4&Prime; _module_preset=\u00a0\u00bbdefault\u00a0\u00bb hover_enabled=\u00a0\u00bb0&Prime; locked=\u00a0\u00bboff\u00a0\u00bb global_colors_info=\u00a0\u00bb{}\u00a0\u00bb sticky_enabled=\u00a0\u00bb0&Prime;]<\/p>\n<h1 class=\"rose\">Conditions de location<\/h1>\n<ul>\n<li>la location se fait pour 1 semaine au minimum, toujours de Samedi \u00e0 Samedi,<\/li>\n<li>draps et taies d\u2019oreiller*ainsi que des serviettes ne sont pas fournis<\/li>\n<li>la caution est de \u20ac 200,00,don\u2019t \u20ac 65,00 pour le nettoyage fin de s\u00e9jour.Si vous vous en occupez vous-m\u00eames ce montant sera restitu\u00e9 de m\u00eame que la caution pourvue qu\u2019il n\u2019y soit constat\u00e9 aucun d\u00e9gradation ni manquant<\/li>\n<li>les animaux sont PAS admis dans les mobil-homes (merci de contacter le camping)<\/li>\n<li>Le WiFi n\u2019est pas inclus dans le prix<\/li>\n<li>le mobil-home est disponible \u00e0 partir de 16.00 heures le premier jour de la location et do\u00eet \u00eatre liber\u00e9 avant 10.00 heures le jour de d\u00e9part<\/li>\n<\/ul>\n<p>* Linge de lit disponible \u00e0 la location : lit 2 pers \u20ac 25,00, pour 1pers. \u20ac 19,00<\/p>\n<p>[\/et_pb_text][\/et_pb_column][\/et_pb_row][\/et_pb_section]<\/p>\n","protected":false},"excerpt":{"rendered":"<p>Conditions de location la location se fait pour 1 semaine au minimum, toujours de Samedi \u00e0 Samedi, draps et taies d\u2019oreiller*ainsi que des serviettes ne sont pas fournis la caution est de \u20ac 200,00,don\u2019t \u20ac 65,00 pour le nettoyage fin de s\u00e9jour.Si vous vous en occupez vous-m\u00eames ce montant sera restitu\u00e9 de m\u00eame que la [&hellip;]<\/p>\n","protected":false},"author":1,"featured_media":0,"parent":0,"menu_order":0,"comment_status":"closed","ping_status":"closed","template":"","meta":{"_et_pb_use_builder":"on","_et_pb_old_content":"<p>[et_pb_section fb_built=\"1\" _builder_version=\"4.19.0\" width=\"1080px\" width_tablet=\"auto\" width_phone=\"auto\" width_last_edited=\"on|phone\" module_alignment=\"center\" custom_margin=\"|0px||0px|false|false\" custom_padding=\"|0px||0px|false|false\" global_colors_info=\"{}\"][et_pb_row _builder_version=\"4.19.0\" background_size=\"initial\" background_position=\"top_left\" background_repeat=\"repeat\" global_colors_info=\"{}\"][et_pb_column type=\"4_4\" _builder_version=\"4.16\" custom_padding=\"|||\" global_colors_info=\"{}\" custom_padding__hover=\"|||\"][et_pb_text _builder_version=\"4.19.4\" _module_preset=\"default\" hover_enabled=\"0\" locked=\"off\" global_colors_info=\"{}\" sticky_enabled=\"0\"]<\/p><h1>Huurvoorwaarden<\/h1><ul><li>De minimale huurperiode is 1 week, altijd van Zaterdag tot Zaterdag.<\/li><li>De WiFi is niet inbegrepen in de weekprijs.<\/li><li>Gebruik Airco in alle\u00a0mobile homes is bij de prijs inbegrepen<\/li><li>De gehuurde mobile home is beschikbaar vanaf 16.00 uur op de dag van ingang van de huur en dient tussen 09.00 en 10.00 op de dag van vertrek te worden verlaten<\/li><li>Lakens\/slopen* en handdoeken dient u zelf mee te nemen, wel is het mogelijk om laken\/ handdoek sets bij ons te huren<\/li><li>Optioneel: eindschoonmaak a \u20ac 60,- , mocht u zelf de mobile-home niet willen schoonmaken<\/li><\/ul><p>[\/et_pb_text][\/et_pb_column][\/et_pb_row][\/et_pb_section]<\/p>","_et_gb_content_width":"","footnotes":""},"class_list":["post-799677","page","type-page","status-publish","hentry"],"_links":{"self":[{"href":"https:\/\/info-lauriersroses.com\/fr\/wp-json\/wp\/v2\/pages\/799677","targetHints":{"allow":["GET"]}}],"collection":[{"href":"https:\/\/info-lauriersroses.com\/fr\/wp-json\/wp\/v2\/pages"}],"about":[{"href":"https:\/\/info-lauriersroses.com\/fr\/wp-json\/wp\/v2\/types\/page"}],"author":[{"embeddable":true,"href":"https:\/\/info-lauriersroses.com\/fr\/wp-json\/wp\/v2\/users\/1"}],"replies":[{"embeddable":true,"href":"https:\/\/info-lauriersroses.com\/fr\/wp-json\/wp\/v2\/comments?post=799677"}],"version-history":[{"count":6,"href":"https:\/\/info-lauriersroses.com\/fr\/wp-json\/wp\/v2\/pages\/799677\/revisions"}],"predecessor-version":[{"id":802150,"href":"https:\/\/info-lauriersroses.com\/fr\/wp-json\/wp\/v2\/pages\/799677\/revisions\/802150"}],"wp:attachment":[{"href":"https:\/\/info-lauriersroses.com\/fr\/wp-json\/wp\/v2\/media?parent=799677"}],"curies":[{"name":"wp","href":"https:\/\/api.w.org\/{rel}","templated":true}]}}

<p>[et_pb_section fb_built= »1&Prime; _builder_version= »4.19.0&Prime; width= »1080px » width_tablet= »auto » width_phone= »auto » width_last_edited= »on|phone » module_alignment= »center » custom_margin= »|0px||0px|false|false » custom_padding= »|0px||0px|false|false » global_colors_info= »{} »][et_pb_row _builder_version= »4.19.0&Prime; background_size= »initial » background_position= »top_left » background_repeat= »repeat » global_colors_info= »{} »][et_pb_column type= »4_4&Prime; _builder_version= »4.16&Prime; custom_padding= »||| » global_colors_info= »{} » custom_padding__hover= »||| »][et_pb_text _builder_version= »4.27.4&Prime; _module_preset= »default » hover_enabled= »0&Prime; locked= »off » global_colors_info= »{} » sticky_enabled= »0&Prime;]</p>
<h1 class="rose">Conditions de location</h1>
<ul>
<li>la location se fait pour 1 semaine au minimum, toujours de Samedi à Samedi,</li>
<li>draps et taies d’oreiller*ainsi que des serviettes ne sont pas fournis</li>
<li>la caution est de € 200,00,don’t € 65,00 pour le nettoyage fin de séjour.Si vous vous en occupez vous-mêmes ce montant sera restitué de même que la caution pourvue qu’il n’y soit constaté aucun dégradation ni manquant</li>
<li>les animaux sont PAS admis dans les mobil-homes (merci de contacter le camping)</li>
<li>Le WiFi n’est pas inclus dans le prix</li>
<li>le mobil-home est disponible à partir de 16.00 heures le premier jour de la location et doît être liberé avant 10.00 heures le jour de départ</li>
</ul>
<p>* Linge de lit disponible à la location : lit 2 pers € 25,00, pour 1pers. € 19,00</p>
<p>[/et_pb_text][/et_pb_column][/et_pb_row][/et_pb_section]</p>

<p>Conditions de location la location se fait pour 1 semaine au minimum, toujours de Samedi à Samedi, draps et taies d’oreiller*ainsi que des serviettes ne sont pas fournis la caution est de € 200,00,don’t € 65,00 pour le nettoyage fin de séjour.Si vous vous en occupez vous-mêmes ce montant sera restitué de même que la [&hellip;]</p>
